{"id":460,"date":"2022-10-23T16:28:30","date_gmt":"2022-10-23T16:28:30","guid":{"rendered":"http:\/\/meyer-karin.de\/?page_id=460"},"modified":"2022-10-24T06:31:52","modified_gmt":"2022-10-24T06:31:52","slug":"unsere-leistungen","status":"publish","type":"page","link":"https:\/\/meyer-karin.de\/?page_id=460","title":{"rendered":"Unsere Leistungen"},"content":{"rendered":"\n<div id=\"wp-block-themeisle-blocks-advanced-columns-16670f00\" class=\"wp-block-themeisle-blocks-advanced-columns has-1-columns has-desktop-equal-layout has-tablet-equal-layout has-mobile-equal-layout has-vertical-unset\"><div class=\"wp-block-themeisle-blocks-advanced-columns-overlay\"><\/div><div class=\"innerblocks-wrap\">\n<div id=\"wp-block-themeisle-blocks-advanced-column-74144ea1\" class=\"wp-block-themeisle-blocks-advanced-column\">\n<div class=\"is-layout-flex wp-container-2 wp-block-columns\">\n<div class=\"is-layout-flow wp-block-column\">\n<ul><li><strong>Krankengymnastik<\/strong><\/li><\/ul>\n\n\n\n<p>Bewegungstherapie (Behandlung durch k\u00f6rperliche Bewegung), vor allem bei orthop\u00e4dischen oder<br>chirurgischen Krankheitsbildern. Nach Knochenbr\u00fcchen, Bandscheibenvorfall,<br>Wirbels\u00e4ulenbeschwerden, Sportverletzungen.<\/p>\n\n\n\n<ul><li><strong>Krankengymnastik \u2013 ZNS<\/strong>&nbsp;<\/li><\/ul>\n\n\n\n<p>ZNS (zentrales Nervensystem, Bobath, PNF) bei neurologischen Erkrankungen wie Multiple Sklerose,<br>Schlaganfall, Querschnitt oder Morbus Parkinson und viele mehr.<\/p>\n\n\n\n<ul><li><strong>Manuelle Therapie<\/strong><\/li><\/ul>\n\n\n\n<p>Zur Behandlung von Funktionsst\u00f6rungen des Bewegungsapparats. Mit speziellen Handgriff- und<br>Mobilisationstechniken wird bei Schmerzen und Bewegungsst\u00f6rungen diese Behandlung angewendet<br>und werden St\u00f6rungen beseitigt. Bei orthop\u00e4dischen Erkrankungen wie Gelenkerkrankungen,<br>Blockaden, Tennisellbogen, Sportverletzungen etc.<\/p>\n\n\n\n<ul><li><strong>Manuelle Lymphdrainage<\/strong><\/li><\/ul>\n\n\n\n<p>Sanfte Entstauungstherapie bei lymphologischen Erkrankungen oder durch Operationen, Unf\u00e4lle,<br>Venenerkrankungen oder onkologischen Krebs-Erkrankungen, sowie das sog. Lip\u00f6dem.<\/p>\n\n\n\n<ul><li><strong>Atlastherapie<\/strong><\/li><\/ul>\n\n\n\n<p>Bei der Atlastherapie wird der erste Halswirbel wieder in seine korrekte Stellung ausgerichtet. Der<br>Atlas wird mechanisch und ohne Manipulation korrigiert. Die Muskeln der Halswirbels\u00e4ule gedehnt<br>und gelockert. Folgen einer Rotationsfehlstellung des Atlas k\u00f6nnen Migr\u00e4ne, Kopf- und<br>Nackenschmerzen, Kiefergelenksbeschwerden und Schwindel sein.<\/p>\n\n\n\n<ul><li><strong>Dorntherapie und Breussmassage<\/strong><\/li><\/ul>\n\n\n\n<p>Zur Behandlung funktioneller St\u00f6rungen des Bewegungs und St\u00fctzapparates. Sie ist eine Therapie der<br>\u201cmanuellen Medizin\u201d, hier werden sanft die Wirbel wieder in richtige Position gebracht. Bei der<br>Breuss Massage werden \u00fcber besondere Massagegriffe die Wirbel und die Bandscheibe entlastet.<br>Besonders bei R\u00fcckenbeschwerden; Bandscheibenvorfall oder akuten Blockaden.<\/p>\n\n\n\n<ul><li><strong>Beckenbodentraining<\/strong><\/li><\/ul>\n\n\n\n<p>f\u00fcr Frauen mit Beckenbodenschw\u00e4che in Gruppentherapie oder bei, Erkrankungen (Senkungen oder<br>nach Operationen) in Einzeltherapie<\/p>\n\n\n\n<ul><li><strong>Beckenboden Sphinkter-Training<\/strong><\/li><\/ul>\n\n\n\n<p>nach R. Tanzberger f\u00fcr M\u00e4nner vor und nach Prostataoperationen<\/p>\n\n\n\n<ul><li><strong>Kiefergelenksbehandlungen <\/strong> <strong>\/ CMD<\/strong><\/li><\/ul>\n\n\n\n<p>Kiefergelenksbehandlungen bei sog. CMD-Problematik (Craniomandibul\u00e4re Dysfunktion im<br>Kiefergelenk Bereich) mit Tinnitus, Migr\u00e4ne, Halswirbels\u00e4ulenbeschwerden, Beckenschiefstand.<\/p>\n\n\n\n<ul><li><strong>Pr\u00e4ventionskurse<\/strong> (zertifiziert und von Krankenkassen gef\u00f6rdert)<\/li><li>Wirbels\u00e4ulengymnastik, R\u00fcckenschule, Beckenbodengymnastik nach Tanzberger, PMR  (Progressive Muskelrelaxation nach Jacobsen)<\/li><li><strong>Betriebliche Gesundheitsf\u00f6rderung<\/strong><\/li><li>Qualifizierte R\u00fcckenkurse,  Ergonomieberatung, Stressbew\u00e4ltigung (Entspannungskurse), individuelle Einzelbehandlung ihrer Mitarbeiter, Hebe- \/ Trageschulung (Workshop) und Aktiv-Pausen vor Ort in den Firmenr\u00e4umlichkeiten <\/li><\/ul>\n<\/div>\n<\/div>\n<\/div>\n<\/div><\/div>\n","protected":false},"excerpt":{"rendered":"","protected":false},"author":1,"featured_media":0,"parent":0,"menu_order":0,"comment_status":"closed","ping_status":"closed","template":"","meta":{"_themeisle_gutenberg_block_has_review":false},"_links":{"self":[{"href":"https:\/\/meyer-karin.de\/index.php?rest_route=\/wp\/v2\/pages\/460"}],"collection":[{"href":"https:\/\/meyer-karin.de\/index.php?rest_route=\/wp\/v2\/pages"}],"about":[{"href":"https:\/\/meyer-karin.de\/index.php?rest_route=\/wp\/v2\/types\/page"}],"author":[{"embeddable":true,"href":"https:\/\/meyer-karin.de\/index.php?rest_route=\/wp\/v2\/users\/1"}],"replies":[{"embeddable":true,"href":"https:\/\/meyer-karin.de\/index.php?rest_route=%2Fwp%2Fv2%2Fcomments&post=460"}],"version-history":[{"count":5,"href":"https:\/\/meyer-karin.de\/index.php?rest_route=\/wp\/v2\/pages\/460\/revisions"}],"predecessor-version":[{"id":513,"href":"https:\/\/meyer-karin.de\/index.php?rest_route=\/wp\/v2\/pages\/460\/revisions\/513"}],"wp:attachment":[{"href":"https:\/\/meyer-karin.de\/index.php?rest_route=%2Fwp%2Fv2%2Fmedia&parent=460"}],"curies":[{"name":"wp","href":"https:\/\/api.w.org\/{rel}","templated":true}]}}